e
Suppose 2*x - 5 - 7 = 0. Let i be 2 + (-2 + 1 - -1). Suppose -4*k = -x - i. Is k prime?
True
Suppose 4*v + 3*p - 3809 = -822, v - 758 = -3*p. Is v a prime number?
True
Let c = -1461 - -2155. Is c a composite number?
True
Let u be (24/20)/((-9)/(-3660)). Suppose 4*x - 3*r - u = 416, -4*x - 4*r + 876 = 0. Is x prime?
True
Let w(i) = -i**2 - 2*i - 1. Let b be w(-1). Is 2 - (2 - 113) - b prime?
True
Suppose g - 447 = -3*f, -f - 31 = -3*g - 180. Is f a prime number?
True
Suppose p - 9 = 3*q + 7, 0 = -2*p - 4*q + 42. Suppose p = i - 7. Is i prime?
False
Let y(z) = z**2 - z - 1. Let f be y(-2). Suppose 0 = 4*u - f*i - 157, 4*i + 93 = 3*u - 24. Is u prime?
True
Suppose 2*v - 3*v + 59 = 0. Is v a prime number?
True
Suppose 0 = -4*z + 199 + 693. Is z composite?
False
Let p be -1 - (-3)/(-3) - -1. Let c be (3 - p)/(-1 - -3). Suppose n - 70 = 3*v, n - 30 = -7*v + c*v. Is n composite?
True
Is ((-2)/6)/((-11)/2277) composite?
True
Suppose 0 = -t + 5*m + 308, 3*t - 938 = 5*m - 44. Is t a prime number?
True
Suppose 0 = -14*b + 15*b - 1401. Is b a composite number?
True
Let k be (-5)/(-3) - (-4)/12. Suppose 3*j - 6 = -k*f, 0 = -4*f + 2*f. Suppose 5*y + 0*b - 3*b = 140, b - 67 = -j*y. Is y prime?
True
Suppose -3*c - 2*d = 2*d + 236, 5*c = -5*d - 400. Suppose -t = -4*q + 652, -3*t - 326 = -2*q - 0*t. Let o = c + q. Is o a composite number?
False
Let a = 73 + -42. Is a composite?
False
Let a = 5 - 4. Is (-2650)/(-8) - a/4 a composite number?
False
Let r(j) = -43*j**3 - j**2 - 1. Is r(-3) a composite number?
False
Suppose z - 5*z + 1516 = 0. Is z a prime number?
True
Suppose o = -4*b - 33, -2*o - 38 = 3*b + b. Let h(g) = -g**3 - 5*g**2 + 8*g - 5. Is h(b) a composite number?
False
Let j be 4*(1 - 2/4). Suppose j*k - 336 = -r + 43, r - 391 = -5*k. Suppose r = 5*m + 4*g + 6, 20 = -4*g. Is m prime?
False
Let q = 24 - 24. Let v(r) = -3*r + r + r + 139. Is v(q) a prime number?
True
Suppose -n + 3 - 1 = 0. Is 20 + 1 + 0/n composite?
True
Let v = 14 - 16. Let q(z) = -244*z - 1. Is q(v) prime?
True
Suppose -4*k + 7 = -5*u, -5*u = 5*k - 15 - 5. Let l be u/(2/(12/2)). Suppose -l*g + 5*g - 38 = 2*p, -40 = -2*g + p. Is g a prime number?
False
Let m(l) = 28*l - 2. Let w be m(4). Let z = w + -35. Suppose 0 = t + 20 - z. Is t prime?
False
Let q(w) = w**3 - 9*w**2 - 6. Let p be q(9). Is p/36 - (-1382)/12 composite?
True
Let f(p) = 3*p**2 - 3*p - 4. Let r(d) = -d**3 + 3*d**2 - 3*d + 4. Let i be r(3). Is f(i) a composite number?
True
Let c(l) = -l + 1. Let n be c(1). Is (0 - n - -10) + 3 a prime number?
True
Suppose -a - 2*y + 93 = 0, 2*y - 137 = -4*a + 205. Is a a composite number?
False
Let s(i) = 3*i**2 + 15*i + 1. Is s(-11) a composite number?
False
Let t(h) = 5*h**3 + 5*h**2 + 7*h + 2. Is t(5) prime?
True
Suppose 25*u = 29*u - 6628. Is u prime?
True
Let y(g) = 2*g + 21. Is y(5) composite?
False
Suppose -4*x = -3*x - 7. Suppose x*c - 245 = 2*c. Is c a prime number?
False
Let y be 1 - 6 - -4 - -3. Suppose y*l - 778 = -5*w + 5*l, 4*w + l = 619. Is w a composite number?
True
Suppose 0 = 2*y + 1 - 7. Suppose n - 4 = y*n. Is n/3 - 535/(-15) a prime number?
False
Suppose -3*s + 1 + 8 = -5*m, -2*m - 9 = -3*s. Suppose 86 = s*j + 4*l, -2 = 2*l - 6. Is j a prime number?
False
Let b = 1122 + -603. Is b composite?
True
Let p(b) = -29*b**3 - b**2 + 3*b + 2. Is p(-3) composite?
True
Suppose 4*q = 2*o - o - 34, -q - 5*o = -2. Let u(d) = d**2 + 6*d + 3. Is u(q) a composite number?
False
Suppose -5*d + 10751 = -4*q + 6*q, 4*d - 8593 = q. Is d a prime number?
False
Let w be 5/((-10)/(-16)) - 2. Let q(v) = v**2 - 6*v + 7. Is q(w) a composite number?
False
Let u(h) = -h**3 - h**2 + h + 5. Let b be u(0). Suppose f = 6*f - b*i - 1740, -2*f + 691 = 3*i. Is f a composite number?
False
Let u = 115 - 19. Suppose -c = 3*t - u, c + 87 = 3*t - c. Is t a prime number?
True
Let s(q) = -8*q - 1. Let y be s(-3). Suppose m = f - 6*f + y, -4*f + 13 = -m. Suppose -2*b + 3*d + 58 = 2*b, m*b - 2*d = 43. Is b prime?
True
Let d(g) = -g + 6. Let i = -3 - -6. Let b be d(i). Suppose -b*t + 152 + 187 = 0. Is t a prime number?
True
Let x = 2 - -2. Suppose -2*t - 3*t = 5*g - 20, -x*t = -g - 16. Suppose -2*u = -4*h + 52, -t*u + 9*u = 3*h - 39. Is h composite?
False
Let i(s) = 116*s**3 - s. Is i(1) a prime number?
False
Suppose l = -2*l + 471. Is l a composite number?
False
Let c(p) = p**3 - 9*p**2 - 3*p - 7. Is c(12) a prime number?
True
Let h(r) = 53*r - 11. Is h(6) a prime number?
True
Suppose 2*l - 7*l + 3*j + 3701 = 0, -2*j + 2952 = 4*l. Is l a prime number?
True
Suppose 105 + 354 = -v. Let g = v - -938. Is g prime?
True
Suppose -o - 3535 = -6*o. Is o prime?
False
Let w = 1019 - 660. Is w prime?
True
Suppose 242 = -4*b - 2*n, 5*b = -n + 6*n - 295. Let z be 0*(-2)/6 - b. Suppose -z = i - 157. Is i prime?
True
Suppose -5*s = 4*b - 23, -5*b + b = -4*s + 4. Suppose l = -2*d - l + 508, b*l - 1010 = -4*d. Is d composite?
False
Let s(t) = 16*t**2 + 2*t + 1. Let k be s(-2). Suppose q - 4*q + 4*g = -k, -3*q + 5*g + 62 = 0. Let h = 0 + q. Is h prime?
True
Suppose -5*f + 3808 = 213. Is f composite?
False
Let d(z) = z**3 + 5*z**2 + 5*z + 2. Let a be d(-3). Suppose -92 = -3*g + a*g. Let o = 129 + g. Is o a composite number?
False
Suppose 0 = 3*h + 504 - 4827. Is h prime?
False
Let y(u) = -11*u**3 - 1. Let n(r) = -r**2. Suppose i - 6*i = -5. Let z be n(i). Is y(z) a prime number?
False
Suppose 0 = 5*h - 29 + 4. Suppose -4*y = -h*p + 229, -5*p - 3*y = y - 261. Is p a composite number?
True
Let v = 5 - 3. Suppose 0*b = v*b - 158. Is b a composite number?
False
Let o(u) = -u**2 + 5*u + 2. Let w be o(5). Is -1*w/2*-35 a composite number?
True
Let q(j) = -24*j - 31. Is q(-20) a composite number?
False
Suppose -y + 296 = 3*y. Is y a prime number?
False
Suppose 4*y - 15 = -h, -2*y + 9 = -3*h + 4*h. Suppose -26 = -h*s + 28. Suppose 0 = -2*j + s + 4. Is j prime?
True
Suppose 1 = 3*d - 8. Suppose 2*p + 1026 = 7*l - d*l, -3*l = -5*p - 766. Is (l - (2 - -1))/2 a composite number?
False
Suppose -3*y + 2269 = -5*d, 4*y - 763 = 3*y + 5*d. Is y a prime number?
False
Let a(o) = -5*o - 3 - 2*o + 3*o - o**2. Let j be a(-3). Suppose j = 3*h - 4*u - 253, -3*h = -0*h - 2*u - 263. Is h prime?
False
Suppose -91 - 105 = -2*n. Suppose -2*t = -133 - 173. Let a = t - n. Is a a composite number?
True
Let v(r) = 18*r**2 + 3*r + 1. Is v(-2) a prime number?
True
Suppose 5*t - 36 = 4. Suppose 0 = -3*m - m + 52. Let z = m + t. Is z a composite number?
True
Let z(a) = -a**3 + 2*a**2 + 2*a + 1. Let x be z(3). Is x - (1 - 2*9) a prime number?
False
Let b = 22 + -13. Let s be (-2 + -4)/((-2)/b). Suppose i - 18 + 6 = -o, -2*i + o = -s. Is i a composite number?
False
Suppose 2*q = 4*b + 214, -4*q - b - 207 = -635. Suppose 5 + 15 = -4*u, 0 = 4*w - 3*u - q. Is w a prime number?
True
Let k be (-5 + 2)/(-1) - -2. Suppose -119 - 36 = -k*c. Is c a prime number?
True
Let o = 16 - 22. Let f be 3*o/(-9)*-1. Is (2/f)/((-1)/11) a prime number?
True
Let a(o) = o**2 + o + 25. Let l be a(0). Suppose l = -3*v - 35. Is ((-24)/v)/((-1)/(-5)) composite?
True
Suppose -2*k + 777 = k. Is k prime?
False
Let z(b) = b**3 + 5*b**2 - b - 4. Let u be z(-5). Suppose d - 1 + 0 = 0, 4*t = -2*d + 2. Is t - u - (1 + -23) a prime number?
False
Let f be (14/(-3))/((-3)/9). Suppose x + f = 2*x. Suppose 3*u = g + g - x, 20 = g + 5*u. Is g prime?
False
Let w = -262 + 151. Let m = w - -334. Is m a prime number?
True
Is (-2)/5 + 84/(-40)*-214 composite?
False
Let f(a) = -a**3 + 10*a**2 + 11*a - 5. Is f(8) prime?
True
Let k = 7366 - 5007. Is k composite?
True
Let m be -1*(-2)/(-4)*-4. Suppose 4*h + 3*s = 238 - 71, -4*s = -m*h + 100. Let a = -22 + h. Is a a prime number?
False
Suppose 5*w + 43 = 448. Let c = 172 - w. Is c a prime number?
False
Suppose -4*m + 20 = m, -4*z + 1504 = -5*m. Is z a prime number?
False
Suppose x - 28 = -5*d, -5*d + x = 3*x - 31. Suppose d*i = 7*i + 60. Let c = 51 + i. Is c prime?
False
Suppose 5*v = -4*v + 1197. Is v a prime number?
False
Suppose -3*i - 50 = 5*a + i, 4*a = 2*i - 66. Is a/63 - (-5771)/9 composite?
False
Let a = 29 - -14. Let u be ((-3)/(-2))/((-2)/(-8)). Let x = u + a. Is x a prime number?
False
Let u(f) be the second derivative of f**4/4 + 2*f**3/3 + 5*f**2/2 - f. Is u(-4) composite?
False
Suppose t = -3*f + 269, -2*t - 2*t = 3*f - 1058. Is t a prime number?
True
